se 15) to base 2.
1001010101010001000
Convert 10010100110100100101 (base 2) to base 11.
386a88
What is 1111001111001011001000 (base 2) in base 13?
a9b0ca
-255100453 (base 6) to base 3
-100102000220120
52122103 (base 6) to base 16
16f257
What is 1101001001111111001100 (base 2) in base 15?
481cda
Convert 10010110100110100011 (base 2) to base 13.
187a14
What is -186a57 (base 12) in base 8?
-1501143
Convert 28a16 (base 16) to base 4.
220220112
What is 254a294 (base 11) in base 13?
bba14b
What is 311107 (base 10) in base 15?
622a7
Convert 3454200 (base 6) to base 4.
223210320
22201103101 (base 4) to base 5
1201222331
Convert -4b6be (base 16) to base 5.
-34341201
Convert 1455340 (base 6) to base 15.
1a4bc
Convert -2a1661 (base 14) to base 4.
-11211120011
What is -88c2a (base 13) in base 9?
-417327
Convert -732370 (base 8) to base 16.
-3b4f8
-8bb872 (base 12) to base 14
-423d66
What is 6321 (base 14) in base 11?
11919
What is 100001011000010000011 (base 2) in base 8?
4130203
Convert -244140 (base 8) to base 11.
-58182
-110210334 (base 5) to base 11
-2a5462
Convert -3200102 (base 5) to base 11.
-36a30
Convert -a9947 (base 13) to base 14.
-7dc1d
Convert -11517637 (base 8) to base 5.
-1121444411
2231132123 (base 4) to base 11
44593a
Convert -32313231302 (base 4) to base 15.
-52006b
Convert -26913 (base 16) to base 5.
-20023341
Convert -130d5 (base 14) to base 3.
-2101020122
-24451751 (base 8) to base 7
-63601061
What is -13a2b2 (base 14) in base 3?
-1021121020110
15145450 (base 7) to base 11
8a4003
Convert -2101010201 (base 3) to base 6.
-1000244
-bb351 (base 13) to base 9
-565807
Convert 2123034240 (base 5) to base 9.
8422166
-3307352 (base 8) to base 9
-1603772
What is 24022304 (base 5) in base 7?
1605234
Convert 111101010111001110 (base 2) to base 16.
3d5ce
What is -ac15c (base 14) in base 13?
-117c81
Convert 202020120001 (base 3) to base 11.
252399
549a9 (base 14) to base 2
110010000010101001
Convert -110463155 (base 7) to base 6.
-354552412
-5160 (base 15) to base 3
-212120200
What is -2429bc (base 13) in base 11?
-53a345
What is -11121101200202 (base 3) in base 16?
-255c68
-2211301 (base 5) to base 3
-1221120111
-48016 (base 10) to base 15
-e361
Convert 133650 (base 9) to base 5.
10101300
-92068 (base 16) to base 5
-123114440
147211b (base 13) to base 16
636f0f
-a30a65 (base 12) to base 3
-11210122202012
Convert 2222211200 (base 4) to base 6.
22550452
What is -1013101313 (base 4) in base 3?
-112211111022
Convert 2778fa (base 16) to base 2.
1001110111100011111010
Convert -1010000001000011110 (base 2) to base 8.
-1201036
Convert -10100001010110010 (base 2) to base 7.
-462563
What is 1042003 (base 6) in base 5?
3133100
230261541 (base 7) to base 8
65457144
Convert -52ecc (base 15) to base 10.
-263217
Convert 1557388 (base 9) to base 3.
1121221102222
Convert 132213011 (base 4) to base 16.
1e9c5
-1154841 (base 9) to base 15
-c5b31
Convert 130943 (base 13) to base 10.
458552
Convert -1012211011010 (base 3) to base 6.
-21502433
Convert 52a97 (base 16) to base 15.
6a4c3
What is 1220222212 (base 4) in base 16?
68aa6
Convert 30bdc (base 15) to base 5.
14421212
What is 1005202 (base 8) in base 5?
31433314
71968 (base 15) to base 14
95213
What is 42352413 (base 6) in base 10?
1243449
2684714 (base 9) to base 15
1e175a
61673074 (base 8) to base 13
2928b93
-1000011100000111111101 (base 2) to base 6
-115230205
Convert -3b8d (base 14) to base 16.
-2911
-508628 (base 9) to base 5
-34122324
Convert 600906 (base 10) to base 2.
10010010101101001010
-1022120101 (base 3) to base 11
-18533
What is -76b771 (base 13) in base 4?
-22222211103
What is 331662 (base 7) in base 4?
32033001
Convert -33203211 (base 4) to base 6.
-1210553
-14400020343 (base 5) to base 12
-64b1645
What is 1130355 (base 7) in base 14?
3999c
Convert -a1601 (base 12) to base 3.
-101200000001
What is 6d3b8a (base 14) in base 16?
39051e
Convert 13297 (base 11) to base 12.
ab9a
Convert aa7801 (base 12) to base 11.
1590293
-4207877 (base 10) to base 7
-50523602
What is -88802 (base 9) in base 13?
-20ac2
What is -110001010000010 (base 2) in base 11?
-17a46
What is -4a90 (base 16) in base 10?
-19088
-1172217 (base 8) to base 11
-201a99
What is 2784163 (base 10) in base 2?
1010100111101110100011
What is 1311400 (base 6) in base 15?
16360
What is 1111022210012 (base 3) in base 5?
200344344
1101100100001100011110 (base 2) to base 4
31210030132
522c4 (base 13) to base 6
3055441
-99a45 (base 11) to base 14
-3abb9
What is -112021202012200 (base 3) in base 8?
-34755360
Convert 171849 (base 12) to base 15.
7c916
Convert 11000000111010101 (base 2) to base 15.
1e3ed
Convert 3375440 (base 9) to base 14.
355ac2
23826154 (base 9) to base 12
3a9a087
Convert 400523243 (base 6) to base 5.
3212320213
-14230353 (base 6) to base 15
-99096
Convert -33a76 (base 16) to base 3.
-101202020002
-1650216 (base 9) to base 11
-578278
Convert -41232 (base 9) to base 13.
-c497
Convert eaec9c (base 15) to base 14.
16b3181
Convert -67054a (base 14) to base 10.
-3496902
What is -14639723 (base 10) in base 15?
-1442a68
What is -116055 (base 16) in base 12?
-46b019
What is -2322231 (base 6) in base 9?
-202241
Convert -21b97 (base 16) to base 5.
-13410020
Convert -1010101111001001100 (base 2) to base 8.
-1257114
Convert 894d3 (base 14) to base 8.
1212301
-26b977 (base 12) to base 4
-2130312223
Convert 2347626 (base 9) to base 3.
2101121200220
11101120001 (base 3) to base 7
506656
Convert -a963c (base 13) to base 14.
-7d972
15043202 (base 6) to base 9
871082
What is 53101552 (base 6) in base 11?
967a19
What is 5306343 (base 7) in base 4?
2130132012
366320 (base 8) to base 9
212047
Convert 24464301 (base 8) to base 15.
71a364
What is -22352456 (base 8) in base 4?
-102131110232
-12646613 (base 7) to base 4
-10132003001
-2a2322 (base 16) to base 14
-51c546
Convert -11024131 (base 5) to base 2.
-10111010100110101
Convert -1110107 (base 8) to base 7.
-2353644
-22325030 (base 6) to base 14
-139c5c
c76c63 (base 14) to base 2
11001101101111011000111
-3662456 (base 9) to base 15
-294896
-49711 (base 12) to base 7
-563065
11212210212022 (base 3) to base 12
a5148b
11331200223 (base 5) to base 14
1a63230
What is 11532 (base 16) in base 9?
117306
a97101 (base 12) to base 3
12001112010101
What is 17273440 (base 8) in base 2?
1111010111011100100000
5c82e (base 15) to base 9
500268
-27635 (base 10) to base 2
-110101111110011
What is -112212222102 (base 4) in base 14?
-b03638
Convert 192358 (base 14) to base 11.
558509
What is 1397e1e (base 15) in base 3?
222121221202202
What is 300300034 (base 5) in base 2?
100100000011001010101
What is -20430352 (base 7) in base 11?
-a765a3
Convert -11024423 (base 7) to base 14.
-1a9483
Convert 1015135 (base 10) to base 2.
11110111110101011111
-147844a (base 11) to base 5
-1121420223
Convert 12707a (base 11) to base 10.
199737
Convert 586a5b (base 14) to base 7.
34424644
-204061121 (base 7) to base 10
-12015011
4d5b7 (base 14) to base 15
3b687
Convert 176499 (base 13) to base 9.
1081666
-1266760 (base 8) to base 13
-c5c61
Convert 413421 (base 7) to base 10.
70869
What is -336945 (base 12) in base 5?
-202223141
Convert 81694 (base 10) to base 12.
3b33a
Convert 4ba0 (base 15) to base 7.
65004
What is -20230332333 (base 4) in base 2?
-1000101100111110111111
What is -1036a7c (base 14) in base 10?
-7663318
What is 1334021114 (base 5) in base 7?
41045264
What is 473215 (base 9) in base 5?
33100421
What is 110022201 (base 4) in base 2?
10100001010100001
1132620 (base 8) to base 6
10340452
-30052254 (base 6) to base 10
-846826
Convert 3010131 (base 5) to base 6.
1004033
Convert -2030310 (base 4) to base 16.
-2334
What is 34343422 (base 5) in base 9?
521166
What is 1000000010110111 (base 2) in base 6?
412315
What is -2b510 (base 13) in base 9?
-134614
-20010020100121 (base 3) to base 5
-1313033303
3326556 (base 8) to base 9
1615522
-2114344 (base 5) to base 15
-a834
-4d0937 (base 14) to base 12
-a7b031
Convert -e75df (base 16) to base 10.
-947679
11416 (base 7) to base 4
232021
What is -499469 (base 10) in base 16?
-79f0d
What is -478b230 (base 12) in base 16?
-d3a784
-2a254a (base 11) to base 9
-788208
Convert -26036635 (base 7) to base 13.
-649486
What is -614110 (base 9) in base 3?
-200111010100
-2215310 (base 6) to base 15
-2